*k, -4*k + 1480 + 1789 = p. List the prime factors of p.
3, 19
Let i be 0 + 37/13 + 8/52. Let c = 22 + i. List the prime factors of c.
5
Let p(c) = c**3 + 8*c**2 + 2*c - 7. Let k be p(-5). Suppose 4*r - 158 + k = 0. List the prime factors of r.
5
Suppose -i = -2*i + 7. Let c = i + 4. List the prime factors of c.
11
Let f(c) = -6*c**2 - 20*c + 36. Let q(v) = 7*v**2 + 20*v - 37. Let t(m) = 6*f(m) + 5*q(m). List the prime factors of t(-15).
2, 53
Suppose -4*l = 8*y - 11*y + 16, 5*l + 20 = 4*y. Let j(i) = 40 + 3*i**3 - i**2 + 0 - 4*i**3. List the prime factors of j(y).
2, 5
Suppose 4*i - 5 = -25, -5*j - 1360 = -3*i. List the prime factors of (j/(-10))/((-1)/(-4)).
2, 5, 11
Let f(o) = -6*o**2 - o + 1. Let r be f(2). Suppose 8*t - 69 = -2*y + 11*t, -y - t = -47. Let q = r + y. List the prime factors of q.
17
Let c(r) = r**3 - 3*r**2 - 4*r - 1. Let z(o) = o**3 - 2*o**2 + o + 4. Let l be z(2). What are the prime factors of c(l)?
83
Suppose 18*d - 19*d = -2. Let x(t) = t + d*t - 4*t + 3*t - 10. What are the prime factors of x(9)?
2
Let v(x) = -33*x + 7. Let t be v(-3). Let j = t - -98. What are the prime factors of j?
2, 3, 17
Let b(u) = 0*u**3 + 0*u**3 - u + 8 + 8*u + 12*u**2 + u**3. Let z be -2 + 0 - 9/1. List the prime factors of b(z).
2, 13
Let d(l) = -122*l - 470. List the prime factors of d(-31).
2, 3, 23
Let u be (-95)/35 - (-2)/(-7). What are the prime factors of ((-11718)/(-45) - u/5) + -1?
2, 5, 13
Suppose 8*y - 4*y + 360 = 0. Let p = 152 + y. List the prime factors of p.
2, 31
Let m = -34 + 37. Let h(i) = 8*i**2 + i - 3. List the prime factors of h(m).
2, 3
Suppose -3*a + 4*h + 5901 = 7*h, -4*h - 9799 = -5*a. List the prime factors of a.
13, 151
Suppose -4*p + 2*q + 38 = -20, -5*q = p - 20. Let t = p + -17. List the prime factors of (-207)/(-6)*(4 + t).
3, 23
What are the prime factors of -4 - (-478 + -3 + (1 - 3))?
479
Let j(p) = p + 3. Let u be j(0). Suppose u*t = -2*t - 40. What are the prime factors of t/20 - 92/(-5)?
2, 3
Let y = -2271 + 4731. What are the prime factors of y?
2, 3, 5, 41
Let u(k) = -2*k + 19*k**2 + 0*k + k. Let j = 14 - 13. List the prime factors of u(j).
2, 3
Let b = 252 - -45. What are the prime factors of b?
3, 11
Let c(t) = 19*t + 26 - 21 - 4*t + 3*t**2. List the prime factors of c(-8).
7, 11
Let x be ((-1 - -4)/(-3))/(3/(-12)). Suppose a + x*a = 245. List the prime factors of a.
7
Suppose 0 = -3*o - 8 + 29. Suppose o*i - 2*i - 15 = 0. Let r = 5 + i. List the prime factors of r.
2
Let c = 29 + -33. Let p(k) = -k**3 - 2. What are the prime factors of p(c)?
2, 31
Suppose 3*h + 15 = 0, 20*h = -2*r + 17*h + 3243. List the prime factors of r.
3, 181
Suppose -5*j + 979 + 231 = 0. Suppose 466 = 4*t - j. What are the prime factors of t?
3, 59
Let c = -34 - -21. Let s = c - -17. Suppose 5*k - 2*k - 2*n - 54 = 0, -s*n = 4*k - 92. List the prime factors of k.
2, 5
Let b(h) = -h**3 + 19*h**2 - 94. List the prime factors of b(12).
2, 457
List the prime factors of (-3 - -3 - 5) + 106.
101
Let m(q) = 2*q**3 - q - 2. Let z be m(2). Suppose 2*f + z = -0. List the prime factors of (f/1)/(12/(-32)).
2
Let q be 0/2*3/9. Suppose 6*h - 8*h - 76 = q. What are the prime factors of 5/((-5)/2) - h?
2, 3
Let r(q) = q**2 - 10*q + 4. Let o be r(4). What are the prime factors of (-55)/o + -3 + 105/4?
2, 13
Suppose 11*a + 800 = 12*a + 3*p, -a + 786 = -4*p. List the prime factors of a.
2, 397
Let v(j) be the second derivative of -7*j**3/2 - 2*j**2 + 8*j. What are the prime factors of v(-7)?
11, 13
Suppose 3376 = 3*t - 434. List the prime factors of t.
2, 5, 127
What are the prime factors of ((-162)/(-12) - 8)*112?
2, 7, 11
Let a be 1563/6 - 3/6. Suppose 79 = 5*b + 4*l - 177, 5*b = -5*l + a. List the prime factors of b.
2, 3
Let q(n) = -7*n**3 + 23*n**2 + 12*n + 12. Let z(r) = r**3 - r**2 - r - 1. Let m(s) = q(s) + 6*z(s). List the prime factors of m(17).
2, 3
Let n = 3353 + -805. List the prime factors of n.
2, 7, 13
Suppose -2*s + 5*o + 1620 = 0, -5*s + 3*o = -0*s - 4012. List the prime factors of s.
2, 5
Let p(n) = 18*n**2 + 4*n - 7. What are the prime factors of p(2)?
73
Suppose 25*r - 57036 = 4*r. List the prime factors of r.
2, 7, 97
Let g = -14 - -21. What are the prime factors of -2 - (-2 + g - 11)?
2
Let f(y) = -83*y - 139. What are the prime factors of f(-26)?
3, 673
List the prime factors of (9/((-54)/1968))/(-1).
2, 41
Let r(j) = -13*j**2 + 15*j + 3. Let w(c) = c**2 - c + 1. Let v(b) = -r(b) - 4*w(b). List the prime factors of v(3).
41
Let d = 3065 - -1085. List the prime factors of d.
2, 5, 83
Suppose -5*f + 802 = -428. List the prime factors of f.
2, 3, 41
Suppose -3*s - 3 = -3*d + 3, 0 = -d - s - 2. Suppose -c - 3*c + 288 = d. List the prime factors of c.
2, 3
Let p(g) = g**2 - 4*g - 6. Let x be p(6). Suppose x = 3*m, -79 = -3*o - 5*m - 0*m. Suppose -u + o + 24 = 0. What are the prime factors of u?
47
Let i = 3189 - 1498. What are the prime factors of i?
19, 89
Suppose -1 = 6*k - 13. Let u = -12 + k. What are the prime factors of (-1)/10 + (-51)/u?
5
Suppose -4*a + i = -2*i, 5*i = 2*a. Suppose 0*s + 97 = s + 2*j, 2*j = a. What are the prime factors of s?
97
Suppose d = 6*d - u + 2, -2*d = 3*u - 6. Let t = 14 - 8. What are the prime factors of 4 + -4 + d + t?
2, 3
Suppose 4*h - 4305 = -h - 2*z, 0 = -4*h + 5*z + 3477. List the prime factors of h.
863
Let u = 27 + -7. Suppose -3*a - 5*z = 76, -2*a + z - 9 = u. Let h = a - -19. What are the prime factors of h?
2
Suppose 0 = -l - 19 - 8. Let d = -20 - l. Let t = -3 + d. What are the prime factors of t?
2
Let j(t) = 6*t + 3. Let d be j(6). Let w(n) = n**2 + 7*n - 1. Let q be w(-6). Let k = q + d. What are the prime factors of k?
2
Suppose 0 = 3*p - 6*p + 168. Suppose 0 = -4*q - 5*y + 26, 4*q + 8 = 5*q + 2*y. Suppose -2*v = -q*v + p. List the prime factors of v.
2, 7
Let l = 7 - 16. Let d = l + 18. Suppose -d*v + 5*v = -24. What are the prime factors of v?
2, 3
Let r be 82/5*(3 + 2). Let b be 1/(-4) - r/(-8). Let s = 20 + b. What are the prime factors of s?
2, 3, 5
Suppose -3 + 1 = -c. Suppose -u - 149 = -c*u. List the prime factors of u.
149
What are the prime factors of ((-366)/3)/(34/(-986))?
2, 29, 61
Let l = -121 - -77. What are the prime factors of 2*(l + 3)*(-4)/2?
2, 41
Let c = -7 + -19. List the prime factors of (-1 + 44/(-8))*c.
13
Let u be (-4)/3*(-7 + 10). List the prime factors of u*((-55)/20 + 2).
3
Let d = -28 - -22. Let l be (-4)/d - 96/36. List the prime factors of (-38)/l*(1 - -1).
2, 19
Suppose -2*p = -3*r + 8*r - 6, 4*r = 4*p + 16. Suppose -44 = -r*a + 96. What are the prime factors of a?
2, 5, 7
Let l(o) = 185*o - 359. List the prime factors of l(7).
2, 3, 13
Let h(n) = 15 - 48*n + 49*n - 3. Let g be h(-6). Suppose -t - 170 = -g*t. What are the prime factors of t?
2, 17
Let p(l) = -10 + 3 - 5 - 2 + l. Let q be p(8). What are the prime factors of ((-132)/8)/(3/q)?
3, 11
Let o = 1013 + -529. Suppose 14*v = 3*v + o. List the prime factors of v.
2, 11
Let n = 9 + -11. What are the prime factors of n - ((-1552)/(-8))/(4/(-2))?
5, 19
Let a = 47 - -427. List the prime factors of a.
2, 3, 79
Suppose -3*l = 75 - 243. Let b = -6 + l. List the prime factors of b.
2, 5
Let s = -354 - -888. List the prime factors of s.
2, 3, 89
Let r(h) = -13*h - 13 - 9*h - 7. Let l be r(-7). Let s = -90 + l. List the prime factors of s.
2, 11
Let r(z) = -z**2 + 12*z. Let v be r(12). Suppose 0 = n - 5*n - 2*g + 140, -g = v. List the prime factors of n.
5, 7
Let m = 137 + 312. List the prime factors of m.
449
Let v = 198 + -45. Suppose 2*o + 5 - v = 0. List the prime factors of o.
2, 37
Let k(c) = -c - 47. Let w be k(0). Let q be -33 + -4 + 7 - -2. Let z = q - w. What are the prime factors of z?
19
Let m = -661 + 3737. List the prime factors of m.
2, 769
Let d be -3*2*(-8)/(-6). Let r(q) = -q**3 - 8*q**2 - q + 2. Let w be r(d). List the prime factors of (6/(-4))/(w/(-20)).
3
What are the prime factors of -2 + ((-4020)/(-25))/(-6)*-25?
2, 167
Suppose 1495 = 77*n - 72*n. List the prime factors of n.
13, 23
Suppose 2*b - 65 = -5*k, -2*k = -0*k - 5*b + 3. Suppose h + 3*c + k = -h, 3*h - 3*c = -54. Let r = -10 - h. List the prime factors of r.
3
Let j(m) = -15*m - 9. Let d be j(-1). Suppose -2*x = f - d, 5*x - 4*f = -9 + 24. What are the prime factors of x?
3
Let v = 10 - 31. Let u = v - -25. Suppose